h = s + -25. Calculate the highest common factor of h and u.
2
Let t(q) = 21*q - 3. Let u be t(3). Suppose 4*z = z + 18. Suppose -y + z = -14. What is the highest common divisor of y and u?
20
Suppose 3*y + 2*n - 31 = -3*n, 4*n - 20 = 0. Suppose -y*r = -13 - 7. Calculate the highest common factor of r and 2.
2
Let s = 21 - 3. What is the highest common divisor of s and 2?
2
Suppose -4*a - 5 = 7. Let d be ((-11)/(-4))/(a/(-24)). Calculate the greatest common divisor of d and 110.
22
Let l be -1 - (9/(-3) - 0). Suppose -5*u + 215 = -b, -l*u + 195 = 3*u + 3*b. What is the greatest common factor of u and 14?
14
Let u = 1 - 1. Suppose j + 12 = 4*j. Suppose 2*h - j*h + 72 = u. Calculate the highest common divisor of h and 18.
18
Suppose -2*b + 2 = -b. Let l be 25/b - 3/2. Let r be (1 + 0)*(52 - -3). What is the greatest common factor of l and r?
11
Suppose -4 = 2*j, -3*j - 29 = -5*m - 6*j. Let u(z) = -z**3 + 6*z**2 + 15*z + m - 10*z - 9*z. Let n be u(5). Calculate the greatest common factor of 8 and n.
4
Suppose 3*z - 2*s - 48 = s, 0 = -3*z - 3*s + 30. What is the highest common factor of z and 39?
13
Suppose 2*c - 37 = -2*c - 5*z, c = -z + 9. What is the greatest common divisor of 88 and c?
8
Suppose 5*l = 59 + 36. Let o = -7 + l. What is the greatest common divisor of 36 and o?
12
Let b = -3 + -6. Let f = b - -15. What is the greatest common factor of f and 4?
2
Suppose -m - 12 = -3*m - 2*i, -2*i - 12 = -4*m. Suppose 0 = -j - m*l + 40, 0*j = 2*j - 5*l - 15. What is the greatest common divisor of 160 and j?
20
Let d(y) = y**2 + y + 1. Let a be d(-4). Calculate the highest common factor of 13 and a.
13
Let j be (-4)/6*3 + -25. Let k be 6/4*(3 - j). What is the greatest common divisor of 30 and k?
15
Let g = -16 + 26. Suppose 90 = -63*j + 66*j. Calculate the highest common factor of j and g.
10
Let c be (26/8)/((-2)/(-8)). Suppose 0 = 3*v - v - 312. Suppose i + 13 - v = 0. What is the greatest common factor of i and c?
13
Let k = 35 + -17. Suppose -5*x - 5*f = -730, 4*x + 2*f - 845 = -265. Calculate the highest common divisor of x and k.
18
Let c = 52 - -69. Let f = 78 + -48. Suppose 0 = 4*w - 14 - f. Calculate the highest common divisor of c and w.
11
Let x(w) = w**3 + 6*w**2 + 4*w - 3. Let o be x(-4). Suppose 0 = 4*j + 4*k - 28, 4*j - 37 = -2*k - o. What is the highest common factor of 15 and j?
5
Suppose -1 = -z + 27. What is the highest common factor of z and 252?
28
Suppose v - 46 = 67. Suppose -4*o + 140 = 4*l, 5*o = 3*l - 0*o - v. Let w(d) = 12*d**3 + d - 1. Let r be w(1). What is the greatest common divisor of l and r?
12
Let s = -7 - -9. Suppose s*l = -4*k - 0*l + 2, -3*k - 12 = -3*l. Let d = k + 17. What is the highest common factor of 64 and d?
16
Let q = 103 - -73. Suppose -9*n + q = -5*n. Calculate the greatest common factor of n and 4.
4
Suppose -125 = i + 4*x - 335, -i + 180 = -2*x. What is the greatest common divisor of i and 10?
10
Let u = -20 + 31. Suppose 46 = 5*b - 229. What is the highest common factor of u and b?
11
Suppose 3*o - 5*c = -25, o + 20 = -0*c + 4*c. Suppose 0 = 5*k - o - 5. What is the highest common divisor of k and 3?
1
Let r(u) = u**3 - 6*u**2 + 2*u + 6. Let l be r(6). Calculate the greatest common factor of l and 12.
6
Suppose -4 = -2*r + 18. Calculate the highest common divisor of r and 44.
11
Suppose 5*x - 2*x = 4*j - 115, 142 = 5*j - 2*x. Let t be (-3)/(-9) + 40/6. What is the highest common divisor of t and j?
7
Let v(a) = -19*a**2. Let r be v(1). Let d = 40 + r. Calculate the greatest common factor of d and 84.
21
Let c(r) = 94*r**2 + 4*r - 6. Let l be c(2). Calculate the highest common divisor of l and 14.
14
Let s = -61 - -40. Let l(t) = -11*t - 1. Let h be l(3). Let p = s - h. Calculate the highest common factor of 52 and p.
13
Let w(x) = -2*x**3 - 5*x**2 + x - 4. Let y be (-2)/5*(12 - 2). Let r be w(y). What is the highest common factor of r and 100?
20
Let b(s) = s**2 - 12*s - 24. Let h be b(-6). Let a(y) = -y**3 - 3*y**2 - 2*y - 3. Let k be a(-4). What is the greatest common divisor of k and h?
21
Let p be 2 - 36/(-2 + 0). Let y be (-5)/p + 69/4. Calculate the greatest common factor of 153 and y.
17
Let s be (-42)/(-12)*(-4)/(-7). What is the greatest common divisor of 22 and s?
2
Suppose -2*b - 7 = -11. Let k(t) = 2*t + 3. Let l be k(b). What is the greatest common divisor of l and 49?
7
Let p = 3 + -6. Let b be (p + -19)/((-2)/12). Suppose 0 = 4*i - 26 - 22. What is the greatest common factor of i and b?
12
Suppose 2*p - 137 = -5*k, -3*p + 6*p = -4*k + 111. Suppose 2*t - t = k. What is the greatest common divisor of t and 3?
3
Suppose 3*r = -4*p + 579, 2*r + 3*r = -2*p + 293. Let u be (-5)/((-5)/(-18))*-1. Calculate the greatest common divisor of u and p.
18
Let m(y) = 3*y + 2. Let z be m(2). Suppose 5*k - 128 = -3*k. Calculate the highest common factor of z and k.
8
Let w = 329 - 224. Calculate the highest common factor of 15 and w.
15
Let z(y) = -y - 5. Let m be z(-8). Calculate the greatest common divisor of 27 and m.
3
Suppose -5*y = 56 - 191. What is the greatest common divisor of y and 9?
9
Suppose 4*k + 3*z = 102, -4*z - 6 = -4*k + 82. Suppose 0 = -f + 80 - k. Let w be 6/(-33) + (-360)/(-44). Calculate the greatest common factor of f and w.
8
Let g(y) = -11*y - 3. Let w = -1 - 2. Let d be g(w). Suppose 0 = -0*v - 5*v + d. Calculate the greatest common divisor of v and 42.
6
Let v be 2/3*(-6)/(-4). Suppose 3*a = -4*f - 5 - v, -5*a + 3*f = -19. Suppose 3*b - 70 = -a*r, 15 = 3*r - 0. Calculate the greatest common divisor of b and 10.
10
Let g = -6 - -8. Suppose x - 24 = -j, j - 132 = -4*j - g*x. What is the greatest common factor of 4 and j?
4
Let t be 1/(42/39 - 1). Suppose o - 2 = 3*w - w, 2*o + 2 = w. Let d be (-246)/(-18) - w/(-3). What is the greatest common factor of t and d?
13
Let f(i) = 10*i - 19. Let r be f(3). Let l = -50 + 72. What is the greatest common factor of l and r?
11
Suppose -2*q + 4*m + 18 + 62 = 0, 2*q = 2*m + 74. Calculate the greatest common factor of 272 and q.
34
Suppose 3*s - 9 = 4*m + 37, 0 = 2*s + 4*m - 24. Calculate the greatest common factor of 2 and s.
2
Let v = 26 - 8. Let w = -10 + v. Suppose -l + 2 = -3*l, 3*l - 125 = -4*i. What is the highest common divisor of i and w?
8
Let c = 459 - 281. Suppose -5*v - 170 = -2*h, -2*h + c = -2*v + v. Calculate the greatest common factor of 18 and h.
18
Let n be 4/12 + 59/3. Suppose -2*p - 88 = -4*p. Let i = p - -6. What is the greatest common factor of i and n?
10
Suppose -338 = 3*h + 5*g, -4*h + 4*g - 90 = -3*h. Let c be (-2)/13 - h/13. What is the greatest common divisor of c and 64?
8
Let g be -3 + 0 + 116 + -1 + -4. What is the greatest common divisor of g and 12?
12
Let o = -5 - -50. What is the greatest common factor of 405 and o?
45
Let q be (34/8 - 0)*4. What is the highest common divisor of 119 and q?
17
Suppose 12 = -2*c + 4*c. Suppose -i + 23 = n + n, -i - 4*n + 31 = 0. Calculate the greatest common factor of c and i.
3
Suppose u - 19 = -4*l, 0 = -3*u + 2*l + 10 + 33. Calculate the highest common divisor of 10 and u.
5
Let f be -2 + (3 - (-76 - 3)). What is the highest common factor of 10 and f?
10
Suppose 2*z = -z + 9. What is the greatest common factor of 15 and z?
3
Suppose 4 = n, -n = 4*i - 833 + 9. Calculate the highest common factor of 82 and i.
41
Let h be 30/(-12)*(-56)/10. Let u = 23 + 47. Calculate the highest common factor of h and u.
14
Let k be ((-3)/5)/((-4)/20). Let v be 7/3 + (-2)/(-3). Suppose v*q - 2*w = 37, 49 = 3*q - 4*w + 5*w. Calculate the highest common factor of q and k.
3
Let j be 2/(-8) + (-54)/(-24). Let t = 2 - -2. Suppose -3*v + 4 = 2*y, t = j*y + v - 2*v. Calculate the greatest common divisor of 6 and y.
2
Let x be 339/12 + 1/(-4). Let k = x - 11. Suppose 0 = d - 4*d + 153. Calculate the highest common divisor of k and d.
17
Let j = -75 + 165. Calculate the highest common divisor of j and 18.
18
Let l(u) = u**2 + 6*u + 7. Let p be l(-5). Let x(m) = -5 + p*m**2 - m - m**2 + 2. Let q be x(3). What is the highest common factor of q and 21?
3
Suppose -2*a = -271 + 79. Let k(t) = 3*t + 7*t - 4*t + 11*t**2 - 4*t - 1. Let s be k(1). What is the greatest common factor of a and s?
12
Let h be (0 + -2)*(-1)/2. Let g be (-1 - -1) + h + 0. Suppose -3 = -2*a + 5. Calculate the greatest commo